{"id":358810,"date":"2013-09-11T12:29:22","date_gmt":"2013-09-11T10:29:22","guid":{"rendered":"https:\/\/2013.malaga.wordcamp.org\/?page_id=358810"},"modified":"2013-09-23T20:05:03","modified_gmt":"2013-09-23T18:05:03","slug":"patrocinadores","status":"publish","type":"page","link":"https:\/\/malaga.wordcamp.org\/2013\/patrocinadores\/","title":{"rendered":"Patrocinadores"},"content":{"rendered":"\n\t<div class=\"wcorg-sponsors\">\n\t\t\n\t\t\t<div class=\"wcorg-sponsor-level-champion\">\n\t\t\t\t<h2>Champion<\/h2>\n\n\t\t\t\t\n\t\t\t\t\t<div id=\"wcorg-sponsor-352084\" class=\"wcorg-sponsor\">\n\t\t\t\t\t\t\t\t\t\t\t\t\t\t\t\t\t\t\t\t\t<h3>\n\t\t\t\t\t\t\t\t\tBluehost\t\t\t\t\t\t\t\t<\/h3>\n\t\t\t\t\t\t\t\t\t\t\t\t\t\n\t\t\t\t\t\t<div class=\"wcorg-sponsor-description\">\n\t\t\t\t\t\t\t\t\t\t\t\t\t\t\t<img loading=\"lazy\" decoding=\"async\" width=\"433\" height=\"111\" src=\"https:\/\/malaga.wordcamp.org\/2013\/files\/2013\/09\/sponsor-bluehost.png\" class=\"attachment-wcb-sponsor-logo-horizontal-2x size-wcb-sponsor-logo-horizontal-2x wp-post-image\" alt=\"Bluehost\" srcset=\"https:\/\/malaga.wordcamp.org\/2013\/files\/2013\/09\/sponsor-bluehost.png 433w, https:\/\/malaga.wordcamp.org\/2013\/files\/2013\/09\/sponsor-bluehost-300x76.png 300w\" sizes=\"auto, (max-width: 433px) 100vw, 433px\" \/>\t\t\t\t\t\t\t\n\t\t\t\t\t\t\t\t\t\t\t\t\t\t\t<p><a href=\"http:\/\/www.bluehost.com\/\" target=\"_blank\" rel=\"nofollow\">Bluehost<\/a> ha sido socio de WordPress desde 2005 y aloja sobre un mill\u00f3n de p\u00e1ginas web creadas con WordPress. Su objetivo es proveer de servicios de alojamiento y atenci\u00f3n al cliente excepcionales al mejor precio posible. Bluehost es constantemente innovando y mejorando sus infraestructura y servicios sin coste adicional para sus clientes. \u00danete a los millones de propietarios de webs que ya han elegido Bluehost y mira como pueden ayudarte con tu p\u00e1gina web.<\/p>\n<p>&#8212;&#8212;&#8212;&#8212;&#8212;&#8212;&#8212;&#8212;<\/p>\n<p><a href=\"http:\/\/www.bluehost.com\/\" target=\"_blank\" rel=\"nofollow\">Bluehost<\/a> has been a WordPress partner since 2005 and powers over one million WordPress sites. Their goal is to provide outstanding hosting services and customer support for the best possible price. Bluehost is also constantly innovating and upgrading their services and infrastructure at no additional cost to their customers. Join the millions of other website owners that have already chosen Bluehost and see how they can help you with your site.<\/p>\n\t\t\t\t\t\t\t\t\t\t\t\t\t<\/div>\n\t\t\t\t\t<\/div><!-- #sponsor -->\n\t\t\t\t\n\t\t\t\t\t<div id=\"wcorg-sponsor-358648\" class=\"wcorg-sponsor\">\n\t\t\t\t\t\t\t\t\t\t\t\t\t\t\t\t\t\t\t\t\t<h3>\n\t\t\t\t\t\t\t\t\tCODE POET\t\t\t\t\t\t\t\t<\/h3>\n\t\t\t\t\t\t\t\t\t\t\t\t\t\n\t\t\t\t\t\t<div class=\"wcorg-sponsor-description\">\n\t\t\t\t\t\t\t\t\t\t\t\t\t\t\t<img loading=\"lazy\" decoding=\"async\" width=\"624\" height=\"190\" src=\"https:\/\/malaga.wordcamp.org\/2013\/files\/2013\/09\/code-poet.png\" class=\"attachment-wcb-sponsor-logo-horizontal-2x size-wcb-sponsor-logo-horizontal-2x wp-post-image\" alt=\"CODE POET\" srcset=\"https:\/\/malaga.wordcamp.org\/2013\/files\/2013\/09\/code-poet.png 624w, https:\/\/malaga.wordcamp.org\/2013\/files\/2013\/09\/code-poet-300x91.png 300w\" sizes=\"auto, (max-width: 624px) 100vw, 624px\" \/>\t\t\t\t\t\t\t\n\t\t\t\t\t\t\t\t\t\t\t\t\t\t\t<p>Si utilizas WordPress para crear para otros, <a href=\"http:\/\/codepoet.com\/\" target=\"_blank\" rel=\"nofollow\">Code Poet<\/a> quiere hacer tu vida m\u00e1s f\u00e1cil. No importa si eres un freelance trabajando por ti mismo, tienes una peque\u00f1a tienda online, creas plugins en un armario oscuro o utilizas el l\u00e1tigo en una gran firma de dise\u00f1o, el objetivo de Code Poet es convertirse en tu fuente de informaci\u00f3n y recursos para ayudarte a desarrollar tus habilidades y conocimiento de WordPress. Para hacerte mejor en lo que haces. Hacerlo m\u00e1s f\u00e1cil para hacer tu vida mejor y que te veas bien haci\u00e9ndolo.<\/p>\n<p>Eres parte de una tribu de m\u00e1s de 10000 dise\u00f1adores y desarrolladores de WordPress que abarca todo el mundo. <a href=\"http:\/\/codepoet.com\/\" target=\"_blank\" rel=\"nofollow\">codepoet.com<\/a> pretende llevar el conocimiento y las estrategias reales de toda esa gente a un \u00fanico lugar, para que puedas aprovecharlo.<\/p>\n<p>&#8212;&#8212;&#8212;&#8212;&#8212;&#8212;&#8212;&#8212;<\/p>\n<p>If you use WordPress to build things for other people, <a href=\"http:\/\/codepoet.com\/\" target=\"_blank\" rel=\"nofollow\">Code Poet<\/a> wants to make your life easier. No matter whether you freelance on a solo basis, lead a small web shop, make plugins in a dark closet, or crack the whip at a large design firm, Code Poet\u2019s aim is to become your go-to source of information and resources to help you expand your WordPress skills and know-how. To make you better at what you do. To make it easier to make your living and look great doing it.<\/p>\n<p>You\u2019re part of a tribe of WordPress designers and developers over 10,000 strong, spanning the entire globe. <a href=\"http:\/\/codepoet.com\/\" target=\"_blank\" rel=\"nofollow\">codepoet.com<\/a> aims to bring the working knowledge and real world strategies of those people into one place, for you to tap into.<\/p>\n\t\t\t\t\t\t\t\t\t\t\t\t\t<\/div>\n\t\t\t\t\t<\/div><!-- #sponsor -->\n\t\t\t\t\t\t\t<\/div><!-- .wcorg-sponsor-level -->\n\t\t\n\t\t\t<div class=\"wcorg-sponsor-level-accomplice\">\n\t\t\t\t<h2>Accomplice<\/h2>\n\n\t\t\t\t\n\t\t\t\t\t<div id=\"wcorg-sponsor-351917\" class=\"wcorg-sponsor\">\n\t\t\t\t\t\t\t\t\t\t\t\t\t\t\t\t\t\t\t\t\t<h3>\n\t\t\t\t\t\t\t\t\tWPML\t\t\t\t\t\t\t\t<\/h3>\n\t\t\t\t\t\t\t\t\t\t\t\t\t\n\t\t\t\t\t\t<div class=\"wcorg-sponsor-description\">\n\t\t\t\t\t\t\t\t\t\t\t\t\t\t\t<img loading=\"lazy\" decoding=\"async\" width=\"716\" height=\"189\" src=\"https:\/\/malaga.wordcamp.org\/2013\/files\/2013\/09\/wpml.png\" class=\"attachment-wcb-sponsor-logo-horizontal-2x size-wcb-sponsor-logo-horizontal-2x wp-post-image\" alt=\"WPML\" srcset=\"https:\/\/malaga.wordcamp.org\/2013\/files\/2013\/09\/wpml.png 716w, https:\/\/malaga.wordcamp.org\/2013\/files\/2013\/09\/wpml-300x79.png 300w, https:\/\/malaga.wordcamp.org\/2013\/files\/2013\/09\/wpml-624x164.png 624w\" sizes=\"auto, (max-width: 716px) 100vw, 716px\" \/>\t\t\t\t\t\t\t\n\t\t\t\t\t\t\t\t\t\t\t\t\t\t\t<p><a href=\"http:\/\/wpml.org\" target=\"_blank\" rel=\"nofollow\">WPML<\/a> hace f\u00e1cil crear y mantener p\u00e1ginas web multidioma con WordPress.<br \/>\nPodras traducir todo en tu p\u00e1gina, incluyendo contenido, navegaci\u00f3n, widgets e incluso los textos de los temas y plugins.<br \/>\nWPML funciona en m\u00e1s de 150000 p\u00e1ginas web comerciales de todo el mundo. Funciona con temas de WordPress a medida, temas gratuitos y comerciales.<br \/>\n\u00bfQuieres un web multiidioma? Visitanos en <a href=\"http:\/\/wpml.org\" target=\"_blank\" rel=\"nofollow\">WPML.org<\/a>.<\/p>\n<p>&#8212;&#8212;&#8212;&#8212;&#8212;&#8212;&#8212;&#8212;<\/p>\n<p><a href=\"http:\/\/wpml.org\" target=\"_blank\" rel=\"nofollow\">WPML<\/a> makes it easy to build and run multilingual WordPress websites.<br \/>\nYou\u2019ll be able to translate everything in the site, including content, navigation, widgets and even theme and plugin texts.<br \/>\nWPML powers over 150,000 commercial websites from all over the world. It runs with custom WordPress themes, free themes and commercial themes.<br \/>\nWant to go multilingual? Visit us at <a href=\"http:\/\/wpml.org\" target=\"_blank\" rel=\"nofollow\">WPML.org<\/a>.<\/p>\n\t\t\t\t\t\t\t\t\t\t\t\t\t<\/div>\n\t\t\t\t\t<\/div><!-- #sponsor -->\n\t\t\t\t\n\t\t\t\t\t<div id=\"wcorg-sponsor-352080\" class=\"wcorg-sponsor\">\n\t\t\t\t\t\t\t\t\t\t\t\t\t\t\t\t\t\t\t\t\t<h3>\n\t\t\t\t\t\t\t\t\tViews\t\t\t\t\t\t\t\t<\/h3>\n\t\t\t\t\t\t\t\t\t\t\t\t\t\n\t\t\t\t\t\t<div class=\"wcorg-sponsor-description\">\n\t\t\t\t\t\t\t\t\t\t\t\t\t\t\t<img loading=\"lazy\" decoding=\"async\" width=\"624\" height=\"212\" src=\"https:\/\/malaga.wordcamp.org\/2013\/files\/2013\/09\/views.png\" class=\"attachment-wcb-sponsor-logo-horizontal-2x size-wcb-sponsor-logo-horizontal-2x wp-post-image\" alt=\"Views\" srcset=\"https:\/\/malaga.wordcamp.org\/2013\/files\/2013\/09\/views.png 624w, https:\/\/malaga.wordcamp.org\/2013\/files\/2013\/09\/views-300x101.png 300w\" sizes=\"auto, (max-width: 624px) 100vw, 624px\" \/>\t\t\t\t\t\t\t\n\t\t\t\t\t\t\t\t\t\t\t\t\t\t\t<p>El plugin Views te permite crear sitios desde el administrador de WordPress.<br \/>\nCon Views, puedes desarrollar funcionalidades a medida en una fracci\u00f3n del tiempo que tardar\u00edas codificando desde cero.<br \/>\n\u00bfQuieres crear magnificas webs en d\u00edas en vez de semanas? Visitanos en <a href=\"http:\/\/wp-types.com\/\" target=\"_blank\" rel=\"nofollow\">wp-types.com<\/a><\/p>\n<ul>\n<li>Views trabaja con cualquier tema y otros plugins.<\/li>\n<li>Un poderoso motor de consults te permite seleccionar el contenido a cargar.<\/li>\n<li>EL motor de renderizado te permite dise\u00f1ar r\u00e1pidamente plantillas y mostrarlas.<\/li>\n<li>Views soporta WooCommerce, para desarrollo r\u00e1pido de e-commerce.<\/li>\n<li>A\u00f1ade cat\u00e1logos de productos personalizados a cualquier sitios, funcionando con cualquier tema, en minutos.<\/li>\n<li>Crea increibles listados de productos, sliders, y b\u00fasquedas parametrizadas.<\/li>\n<li>Construye webs de e-commerce completamente personalizadas desde el administrador de WordPress.<\/li>\n<\/ul>\n<p><a href=\"http:\/\/wp-types.com\/home\/views-create-elegant-displays-for-your-content\" rel=\"nofollow\">http:\/\/wp-types.com\/home\/views-create-elegant-displays-for-your-content<\/a><\/p>\n<p>&#8212;&#8212;&#8212;&#8212;&#8212;&#8212;&#8212;&#8212;<\/p>\n<p>Views plugin lets you build WordPress sites from within the admin dashboard.<br \/>\nWith Views, you can develop custom functionality in a fraction of the time it takes to code it from scratch.<br \/>\nWant to build beautiful sites in days instead of weeks? Visit us at <a href=\"http:\/\/wp-types.com\/\" target=\"_blank\" rel=\"nofollow\">wp-types.com<\/a><\/p>\n<ul>\n<li>Views works with any theme and other plugins.<\/li>\n<li>A powerful query engine lets you select what content to load.<\/li>\n<li>The render engine lets you quickly design templates and display them.<\/li>\n<li>Views fully supports WooCommerce, for rapid e-commerce development.<\/li>\n<li>Add custom product catalogs to any site, running any theme, in minutes.<\/li>\n<li>Create amazing product listings, sliders, and parametric searches.<\/li>\n<li>Build fully custom e-commerce sites from within the WordPress dashboard.<\/li>\n<\/ul>\n<p><a href=\"http:\/\/wp-types.com\/home\/views-create-elegant-displays-for-your-content\" rel=\"nofollow\">http:\/\/wp-types.com\/home\/views-create-elegant-displays-for-your-content<\/a><\/p>\n\t\t\t\t\t\t\t\t\t\t\t\t\t<\/div>\n\t\t\t\t\t<\/div><!-- #sponsor -->\n\t\t\t\t\t\t\t<\/div><!-- .wcorg-sponsor-level -->\n\t\t\n\t\t\t<div class=\"wcorg-sponsor-level-bronce\">\n\t\t\t\t<h2>Bronce<\/h2>\n\n\t\t\t\t\n\t\t\t\t\t<div id=\"wcorg-sponsor-473691\" class=\"wcorg-sponsor\">\n\t\t\t\t\t\t\t\t\t\t\t\t\t\t\t\t\t\t\t\t\t<h3>\n\t\t\t\t\t\t\t\t\tRegaloPublicidad\t\t\t\t\t\t\t\t<\/h3>\n\t\t\t\t\t\t\t\t\t\t\t\t\t\n\t\t\t\t\t\t<div class=\"wcorg-sponsor-description\">\n\t\t\t\t\t\t\t\t\t\t\t\t\t\t\t<img loading=\"lazy\" decoding=\"async\" width=\"624\" height=\"151\" src=\"https:\/\/malaga.wordcamp.org\/2013\/files\/2013\/10\/logo-regalopublicidad-patrocinador.png\" class=\"attachment-wcb-sponsor-logo-horizontal-2x size-wcb-sponsor-logo-horizontal-2x wp-post-image\" alt=\"RegaloPublicidad\" srcset=\"https:\/\/malaga.wordcamp.org\/2013\/files\/2013\/10\/logo-regalopublicidad-patrocinador.png 624w, https:\/\/malaga.wordcamp.org\/2013\/files\/2013\/10\/logo-regalopublicidad-patrocinador-300x72.png 300w\" sizes=\"auto, (max-width: 624px) 100vw, 624px\" \/>\t\t\t\t\t\t\t\n\t\t\t\t\t\t\t\t\t\t\t\t\t\t\t<p><a href=\"http:\/\/www.regalopublicidad.com\" title=\"Regalos de empresa RegaloPublicidad\" rel=\"nofollow\">Regalopublicidad<\/a> es una de las empresas espa\u00f1olas l\u00edderes en Espa\u00f1a en materia de comercio electr\u00f3nico, venta e impresi\u00f3n de regalos empresas y art\u00edculos promocionales para campa\u00f1as de marketing empresarial. Lleva m\u00e1s de 20 a\u00f1os en el sector trabajando para consolidarse como la empresa con el cat\u00e1logo de regalos publicitariarios m\u00e1s \u00e1mplio del mercado, por lo que est\u00e1n presentes en cientos de sectores como el laboral, bodas y comuniones o eventos l\u00fadico deportivos. Esta empresa est\u00e1 muy familiarizada con la comunidad WordPress y su tecnolog\u00eda, utiliz\u00e1ndola en varias de sus plataformas de comercio electr\u00f3nico y blogs corporativos.<\/p>\n<p><strong>Regalopublicidad.com<\/strong> ofrece la posibilidad de patrocinio de diferentes eventos culturales, organizaciones y congresos, mediante colaboraciones con regalos personalizados impresos, tales como <a href=\"http:\/\/www.regalopublicidad.com\/Maletines-Portadocumentos-de-Tela-S29.html\" title=\"Maletines de tela portadocumentos personalizados\" rel=\"nofollow\">maletines de tela<\/a> portadocumentos para congresos, que ser\u00e1n \u00fatiles en campa\u00f1as de marketing y difusi\u00f3n<\/p>\n\t\t\t\t\t\t\t\t\t\t\t\t\t<\/div>\n\t\t\t\t\t<\/div><!-- #sponsor -->\n\t\t\t\t\n\t\t\t\t\t<div id=\"wcorg-sponsor-506246\" class=\"wcorg-sponsor\">\n\t\t\t\t\t\t\t\t\t\t\t\t\t\t\t\t\t\t\t\t\t<h3>\n\t\t\t\t\t\t\t\t\tFik Stores\t\t\t\t\t\t\t\t<\/h3>\n\t\t\t\t\t\t\t\t\t\t\t\t\t\n\t\t\t\t\t\t<div class=\"wcorg-sponsor-description\">\n\t\t\t\t\t\t\t\t\t\t\t\t\t\t\t<img loading=\"lazy\" decoding=\"async\" width=\"600\" height=\"198\" src=\"https:\/\/malaga.wordcamp.org\/2013\/files\/2013\/10\/logo-fikstores.png\" class=\"attachment-wcb-sponsor-logo-horizontal-2x size-wcb-sponsor-logo-horizontal-2x wp-post-image\" alt=\"Fik Stores\" srcset=\"https:\/\/malaga.wordcamp.org\/2013\/files\/2013\/10\/logo-fikstores.png 600w, https:\/\/malaga.wordcamp.org\/2013\/files\/2013\/10\/logo-fikstores-300x99.png 300w\" sizes=\"auto, (max-width: 600px) 100vw, 600px\" \/>\t\t\t\t\t\t\t\n\t\t\t\t\t\t\t\t\t\t\t\t\t\t\t<p><strong>Fik Stores<\/strong> permite <a href=\"http:\/\/fikstores.com\/\" rel=\"nofollow\">crear f\u00e1cilmente tiendas online basadas en WordPress<\/a> y ofrece todo lo necesario para vender m\u00e1s en Internet;<\/p>\n<ul>\n<li>Carrito de compras seguro<\/li>\n<li>Dise\u00f1o adaptado a dispositivos m\u00f3viles<\/li>\n<li>Atractivos dise\u00f1os personalizados<\/li>\n<li>Alojamiento web de confianza<\/li>\n<li>Gesti\u00f3n f\u00e1cil y r\u00e1pida basada en WordPress<\/li>\n<\/ul>\n<p>Al equipo de <a href=\"http:\/\/fikobservatory.com\/es\" rel=\"nofollow\">The Fik Initiative<\/a> le apasionan Internet, el marketing, los gadgets y la innovaci\u00f3n. Nuestra misi\u00f3n es ayudar a peque\u00f1os y medianos negocios.<\/p>\n\t\t\t\t\t\t\t\t\t\t\t\t\t<\/div>\n\t\t\t\t\t<\/div><!-- #sponsor -->\n\t\t\t\t\t\t\t<\/div><!-- .wcorg-sponsor-level -->\n\t\t\t<\/div><!-- .wcorg-sponsors -->\n\n\t\n","protected":false},"excerpt":{"rendered":"","protected":false},"author":12522629,"featured_media":0,"parent":0,"menu_order":0,"comment_status":"closed","ping_status":"closed","template":"","meta":{"_crdt_document":"","jetpack_post_was_ever_published":false,"footnotes":""},"class_list":["post-358810","page","type-page","status-publish","hentry"],"jetpack_sharing_enabled":true,"jetpack_shortlink":"https:\/\/wp.me\/P3qndU-1vlg","_links":{"self":[{"href":"https:\/\/malaga.wordcamp.org\/2013\/wp-json\/wp\/v2\/pages\/358810","targetHints":{"allow":["GET"]}}],"collection":[{"href":"https:\/\/malaga.wordcamp.org\/2013\/wp-json\/wp\/v2\/pages"}],"about":[{"href":"https:\/\/malaga.wordcamp.org\/2013\/wp-json\/wp\/v2\/types\/page"}],"author":[{"embeddable":true,"href":"https:\/\/malaga.wordcamp.org\/2013\/wp-json\/wp\/v2\/users\/12522629"}],"replies":[{"embeddable":true,"href":"https:\/\/malaga.wordcamp.org\/2013\/wp-json\/wp\/v2\/comments?post=358810"}],"version-history":[{"count":1,"href":"https:\/\/malaga.wordcamp.org\/2013\/wp-json\/wp\/v2\/pages\/358810\/revisions"}],"predecessor-version":[{"id":358811,"href":"https:\/\/malaga.wordcamp.org\/2013\/wp-json\/wp\/v2\/pages\/358810\/revisions\/358811"}],"wp:attachment":[{"href":"https:\/\/malaga.wordcamp.org\/2013\/wp-json\/wp\/v2\/media?parent=358810"}],"curies":[{"name":"wp","href":"https:\/\/api.w.org\/{rel}","templated":true}]}}