{"id":438011,"date":"2013-10-03T10:45:25","date_gmt":"2013-10-03T08:45:25","guid":{"rendered":"https:\/\/2013.malaga.wordcamp.org\/?page_id=438011"},"modified":"2013-10-20T11:20:39","modified_gmt":"2013-10-20T09:20:39","slug":"colabora-con-wordcamp-malaga","status":"publish","type":"page","link":"https:\/\/malaga.wordcamp.org\/2013\/colabora-con-wordcamp-malaga\/","title":{"rendered":"Colabora con WordCamp M\u00e1laga"},"content":{"rendered":"<p>\u00bfTienes una peque\u00f1a empresa o eres un freelance? \u00bfNo tienes presupuesto para ser patrocinador de un evento como la WordCamp?<\/p>\n<p>Hemos pensado en vosotros y os ofrecemos la posibilidad de ser <strong>Colaborador<\/strong> de la WordCamp por un precio muy especial. Por s\u00f3lo <strong>50 euros<\/strong> conseguir\u00e1s tu entrada y figurar\u00e1s como colaborador de la WordCamp M\u00e1laga.<\/p>\n<p>\u00bfQu\u00e9 conseguir\u00e1s siendo colaborador?<\/p>\n<ul>\n<li>Tu entrada a la WordCamp M\u00e1laga valorada en 15 euros<\/li>\n<li>Tu logo en el lateral derecho de la web de la WordCamp M\u00e1laga, enlazado a la p\u00e1gina de colaboradores<\/li>\n<li>Tu logo con enlace a tu web en la p\u00e1gina de colaboradores de la WordCamp M\u00e1laga<\/li>\n<\/ul>\n<p>Aprovecha la oportunidad y <a href=\"http:\/\/wordcamp.uma.es\/pagos.php\">hazte colaborador al adquirir tu entrada<\/a>.<\/p>\n","protected":false},"excerpt":{"rendered":"<p>\u00bfTienes una peque\u00f1a empresa o eres un freelance? \u00bfNo tienes presupuesto para ser patrocinador de un evento como la WordCamp? Hemos pensado en vosotros y os ofrecemos la posibilidad de ser Colaborador de la WordCamp por un precio muy especial. Por s\u00f3lo 50 euros conseguir\u00e1s tu entrada y figurar\u00e1s como colaborador de la WordCamp M\u00e1laga. [&hellip;]<\/p>\n","protected":false},"author":12522629,"featured_media":0,"parent":0,"menu_order":0,"comment_status":"closed","ping_status":"closed","template":"","meta":{"jetpack_post_was_ever_published":false,"footnotes":""},"class_list":["post-438011","page","type-page","status-publish","hentry"],"jetpack_sharing_enabled":true,"jetpack_shortlink":"https:\/\/wp.me\/P3qndU-1PWH","_links":{"self":[{"href":"https:\/\/malaga.wordcamp.org\/2013\/wp-json\/wp\/v2\/pages\/438011","targetHints":{"allow":["GET"]}}],"collection":[{"href":"https:\/\/malaga.wordcamp.org\/2013\/wp-json\/wp\/v2\/pages"}],"about":[{"href":"https:\/\/malaga.wordcamp.org\/2013\/wp-json\/wp\/v2\/types\/page"}],"author":[{"embeddable":true,"href":"https:\/\/malaga.wordcamp.org\/2013\/wp-json\/wp\/v2\/users\/12522629"}],"replies":[{"embeddable":true,"href":"https:\/\/malaga.wordcamp.org\/2013\/wp-json\/wp\/v2\/comments?post=438011"}],"version-history":[{"count":12,"href":"https:\/\/malaga.wordcamp.org\/2013\/wp-json\/wp\/v2\/pages\/438011\/revisions"}],"predecessor-version":[{"id":516136,"href":"https:\/\/malaga.wordcamp.org\/2013\/wp-json\/wp\/v2\/pages\/438011\/revisions\/516136"}],"wp:attachment":[{"href":"https:\/\/malaga.wordcamp.org\/2013\/wp-json\/wp\/v2\/media?parent=438011"}],"curies":[{"name":"wp","href":"https:\/\/api.w.org\/{rel}","templated":true}]}}