{"id":1708,"date":"2025-02-03T10:36:41","date_gmt":"2025-02-03T09:36:41","guid":{"rendered":"https:\/\/malaga.wordcamp.org\/2025\/?page_id=1708"},"modified":"2025-04-24T17:53:25","modified_gmt":"2025-04-24T15:53:25","slug":"programa","status":"publish","type":"page","link":"https:\/\/malaga.wordcamp.org\/2025\/programa\/","title":{"rendered":"PROGRAMA"},"content":{"rendered":"\n<h2 class=\"wp-block-heading\">2 d\u00edas de WordPress e Inteligencia Artificial<\/h2>\n\n\n\n<p>WordCamp M\u00e1laga 2025 estar\u00e1 orientada este a\u00f1o en la <strong>Inteligencia Artificial<\/strong>, <strong>WordPress<\/strong> y <strong>OpenSource<\/strong>. Por ello tendremos preparado un evento donde tendremos mucho conocimiento compartido y mucho m\u00e1s. <strong>Descubre la IA que transformar\u00e1 el futuro de WordPress<\/strong><\/p>\n\n\n\n<p>Un punto de encuentro abierto a todas las personas que quieran <strong>crear negocio, colaborar, compartir conocimientos y experiencias, y aprender unas de otras.<\/strong><\/p>\n\n\n\n<p>Si te gusta <strong>WordPress<\/strong>, tienes un <strong>proyecto <\/strong>relacionado con la <strong>Inteligencia Artificial <\/strong>y <strong>tecnolog\u00edas libres<\/strong>, una <strong>web<\/strong>, un <strong>blog<\/strong>, un negocio, tu propio LLM o simplemente quieres descubrir c\u00f3mo es una <strong>WordCamp,<\/strong> no te puedes perder este evento.<\/p>\n\n\n\n<ul class=\"wp-block-list\">\n<li><strong>D\u00eda principal con +15 actividades: charlas, talleres, WordCamp Connect y mesa de debate<\/strong><\/li>\n\n\n\n<li><strong>Contributor Day<\/strong><\/li>\n\n\n\n<li>+ 150 asistentes<\/li>\n\n\n\n<li>Sorteos<\/li>\n\n\n\n<li>Concursos<\/li>\n\n\n\n<li>Desayuno y almuerzo inclu\u00eddo<\/li>\n\n\n\n<li>Merchandising<\/li>\n\n\n\n<li>AfterParty<\/li>\n\n\n\n<li>\u00a1Mucho networking!<\/li>\n<\/ul>\n\n\n\n<p>\ud83d\udccd D\u00eda 26 de 8 a 19.30h: Todo el congreso transcurrir\u00e1 en el <strong><a href=\"https:\/\/malaga.wordcamp.org\/2025\/ubicacion\/\" target=\"_blank\" rel=\"noreferrer noopener\">Albergue Inturjoven de Torremolinos<\/a><\/strong><br>\ud83d\udccd D\u00eda 26 a las 22.30h: \u00a1After Party! S\u00e1bado a las 23 h en <a href=\"https:\/\/www.google.com\/maps\/place\/Man%C3%A1\/@36.6334186,-4.4879252,16z\/data=!4m6!3m5!1s0xd72fbdd9a3fe94b:0x84ce59068a977f88!8m2!3d36.6334186!4d-4.4879252!16s%2Fg%2F1tmbxgm6?entry=ttu&amp;g_ep=EgoyMDI1MDQyMS4wIKXMDSoASAFQAw%3D%3D\">Man\u00e1 Playamar<\/a>.<br>\ud83d\udccd D\u00eda 27 de 10h a 14h: <a href=\"https:\/\/malaga.wordcamp.org\/2025\/session\/contributor-day\/\">Contributor Day<\/a><\/p>\n\n\n\n<p>Te esperamos el <ins>26<\/ins> y <ins>27<\/ins> de abril en el <a href=\"https:\/\/malaga.wordcamp.org\/2025\/ubicacion\/\" data-type=\"page\" data-id=\"11\"><strong>Albergue Inturjoven Torremolinos<\/strong><\/a>. <a href=\"https:\/\/malaga.wordcamp.org\/2025\/entradas-wcmlg\/\" data-type=\"page\" data-id=\"1419\">Compra la entrada para la WordCamp M\u00e1laga 2025<\/a>.<\/p>\n\n\n\n<div\n\tclass=\"wp-block-wordcamp-schedule alignwide is-loading\"\n\t\tdata-attributes=\"{&quot;__isStylesPreview&quot;:false,&quot;align&quot;:&quot;wide&quot;,&quot;chooseSpecificDays&quot;:false,&quot;chosenDays&quot;:[],&quot;chooseSpecificTracks&quot;:false,&quot;chosenTrackIds&quot;:[],&quot;showCategories&quot;:true,&quot;useClientTimezone&quot;:false}\"\n>\n\tCargando\u2026<\/div>\n\n\n\t<div class=\"email-form fav-session-email-form-hide\">\n\t\t<!-- Tab links -->\n\t\t<div class=\"fav-session-share-tab\">\n\t\t\t\t\t\t\t<div class=\"fav-session-tablinks\" id=\"fav-session-btn-email\">\n\t\t\t\t\tCorreo electr\u00f3nico\t\t\t\t<\/div>\n\t\t\t\n\t\t\t<div class=\"fav-session-tablinks\" id=\"fav-session-btn-link\">\n\t\t\t\tEnlace\t\t\t<\/div>\n\n\t\t\t<div class=\"fav-session-tablinks\" id=\"fav-session-btn-print\">\n\t\t\t\tImprimir\t\t\t<\/div>\n\t\t<\/div>\n\n\t\t<!-- Tab content -->\n\t\t\t\t\t<div id=\"fav-session-tab-email\" class=\"fav-session-share-tabcontent\">\n\t\t\t\t<div id=\"fav-session-email-form\">\n\t\t\t\t\tEnv\u00edame mis sesiones favoritas:\n\t\t\t\t\t<form id=\"fav-sessions-form\">\n\t\t\t\t\t\t<input\n\t\t\t\t\t\t\ttype=\"text\"\n\t\t\t\t\t\t\tname=\"email_address\"\n\t\t\t\t\t\t\tid=\"fav-sessions-email-address\"\n\t\t\t\t\t\t\tplaceholder=\"me@protonmail.com\"\n\t\t\t\t\t\t\/>\n\t\t\t\t\t\t<input type=\"submit\" value=\"Enviar\" \/>\n\t\t\t\t\t<\/form>\n\t\t\t\t<\/div>\n\n\t\t\t\t<div class=\"fav-session-email-wait-spinner\"><\/div>\n\t\t\t\t<div class=\"fav-session-email-result\"><\/div>\n\t\t\t<\/div>\n\t\t\n\t\t<div id=\"fav-session-tab-link\" class=\"fav-session-share-tabcontent\">\n\t\t\tEnlace compartible:\t\t\t<br \/>\n\t\t\t<a id=\"fav-sessions-link\" href=\"\"><\/a>\n\t\t<\/div>\n\n\t\t<div id=\"fav-session-tab-print\" class=\"fav-session-share-tabcontent\">\n\t\t\t<button id=\"fav-session-print\">\n\t\t\t\tImprimir sesiones favoritas\t\t\t<\/button>\n\t\t<\/div>\n\t<\/div>\n\n\t<a class=\"show-email-form\" href=\"javascript:\">\n\t\t<span class=\"dashicons dashicons-star-filled\"><\/span>\n\t\t<span class=\"dashicons dashicons-email-alt\"><\/span>\n\t<\/a>\n\n\t\n\n\n<p><\/p>\n","protected":false},"excerpt":{"rendered":"<p>2 d\u00edas de WordPress e Inteligencia Artificial WordCamp M\u00e1laga 2025 estar\u00e1 orientada este a\u00f1o en la Inteligencia Artificial, WordPress y OpenSource. Por ello tendremos preparado un evento donde tendremos mucho conocimiento compartido y mucho m\u00e1s. Descubre la IA que transformar\u00e1 el futuro de WordPress Un punto de encuentro abierto a todas las personas que quieran [&hellip;]<\/p>\n","protected":false},"author":15146452,"featured_media":0,"parent":0,"menu_order":0,"comment_status":"closed","ping_status":"closed","template":"","meta":{"jetpack_post_was_ever_published":false,"footnotes":""},"class_list":["post-1708","page","type-page","status-publish","hentry"],"jetpack_sharing_enabled":true,"_links":{"self":[{"href":"https:\/\/malaga.wordcamp.org\/2025\/wp-json\/wp\/v2\/pages\/1708","targetHints":{"allow":["GET"]}}],"collection":[{"href":"https:\/\/malaga.wordcamp.org\/2025\/wp-json\/wp\/v2\/pages"}],"about":[{"href":"https:\/\/malaga.wordcamp.org\/2025\/wp-json\/wp\/v2\/types\/page"}],"author":[{"embeddable":true,"href":"https:\/\/malaga.wordcamp.org\/2025\/wp-json\/wp\/v2\/users\/15146452"}],"replies":[{"embeddable":true,"href":"https:\/\/malaga.wordcamp.org\/2025\/wp-json\/wp\/v2\/comments?post=1708"}],"version-history":[{"count":7,"href":"https:\/\/malaga.wordcamp.org\/2025\/wp-json\/wp\/v2\/pages\/1708\/revisions"}],"predecessor-version":[{"id":3015,"href":"https:\/\/malaga.wordcamp.org\/2025\/wp-json\/wp\/v2\/pages\/1708\/revisions\/3015"}],"wp:attachment":[{"href":"https:\/\/malaga.wordcamp.org\/2025\/wp-json\/wp\/v2\/media?parent=1708"}],"curies":[{"name":"wp","href":"https:\/\/api.w.org\/{rel}","templated":true}]}}