{"id":14,"date":"2026-02-04T19:24:00","date_gmt":"2026-02-04T18:24:00","guid":{"rendered":"https:\/\/malaga.wordcamp.org\/2026\/?page_id=14"},"modified":"2026-04-18T00:35:17","modified_gmt":"2026-04-17T22:35:17","slug":"tickets","status":"publish","type":"page","link":"https:\/\/malaga.wordcamp.org\/2026\/tickets\/","title":{"rendered":"Entradas"},"content":{"rendered":"\n<h2 class=\"wp-block-heading has-text-align-center has-contrast-2-color has-text-color has-link-color has-large-font-size wp-elements-304be3099891e0636dd62e96a739bec6\"><em>\u00a1Consigue tu entrada y participa en el WordPress eCommerce Summit!<\/em><\/h2>\n\n\n\n<div style=\"height:25px\" aria-hidden=\"true\" class=\"wp-block-spacer\"><\/div>\n\n\n\n<p>Aprende <strong>estrategias reales de eCommerce, marketing y desarrollo digital<\/strong>, conecta con otros profesionales del sector y ll\u00e9vate <strong>ideas que podr\u00e1s aplicar directamente en tu negocio<\/strong>.<\/p>\n\n\n\n<div style=\"height:25px\" aria-hidden=\"true\" class=\"wp-block-spacer\"><\/div>\n\n\n\n<p><strong>No te pierdas la oportunidad de asistir al evento que re\u00fane a expertos y profesionales del comercio digital en M\u00e1laga.<\/strong><\/p>\n\n\n\n<div style=\"height:25px\" aria-hidden=\"true\" class=\"wp-block-spacer\"><\/div>\n\n\n\n<div class=\"wp-block-columns is-layout-flex wp-container-core-columns-is-layout-28f84493 wp-block-columns-is-layout-flex\">\n<div class=\"wp-block-column has-contrast-2-background-color has-background is-layout-flow wp-block-column-is-layout-flow\" style=\"padding-top:var(--wp--preset--spacing--10);padding-right:var(--wp--preset--spacing--10);padding-bottom:var(--wp--preset--spacing--10);padding-left:var(--wp--preset--spacing--10)\">\n<p class=\"has-base-color has-text-color has-link-color wp-elements-d5168f7b8a1bad1e43034b02536e322b\"><strong>Si tienes dudas o necesitas ayuda para comprar tu entrada, escr\u00edbenos a <a href=\"mailto:malaga+asistentes@wordcamp.org\">malaga+asistentes@wordcamp.org<\/a> y estaremos encantados de ayudarte.<\/strong><\/p>\n<\/div>\n<\/div>\n\n\n<a href=\"https:\/\/malaga.wordcamp.org\/2026\/tickets\/\">Por favor, ve esta p\u00e1gina en un navegador para hacer una compra o gestionar entradas.<\/a>\n\n\n\n<p><strong>TODAS LAS ENTRADAS INCLUYEN:<\/strong><\/p>\n\n\n\n<div style=\"height:20px\" aria-hidden=\"true\" class=\"wp-block-spacer\"><\/div>\n\n\n\n<ul class=\"wp-block-list\">\n<li><strong>Viernes 24 (por la tarde) &#8211; Contributor Day:<\/strong>\n<ul class=\"wp-block-list\">\n<li>Acceso al evento<\/li>\n\n\n\n<li>Coffee-break<\/li>\n<\/ul>\n<\/li>\n<\/ul>\n\n\n\n<div style=\"height:20px\" aria-hidden=\"true\" class=\"wp-block-spacer\"><\/div>\n\n\n\n<ul class=\"wp-block-list\">\n<li><strong>S\u00e1bado 25 (jornada completa) &#8211; WordPress eCommerce Summit:<\/strong>\n<ul class=\"wp-block-list\">\n<li>Acceso al evento<\/li>\n\n\n\n<li>Coffee-break y almuerzo<\/li>\n<\/ul>\n<\/li>\n<\/ul>\n\n\n\n<div style=\"height:20px\" aria-hidden=\"true\" class=\"wp-block-spacer\"><\/div>\n\n\n\n<p><strong>Las entradas NO son reembolsables<\/strong>, salvo que posteriormente a tu compra hayas sido seleccionado como organizador, voluntario, ponente o patrocinador con derecho a una entrada gratuita.<\/p>\n\n\n\n<div style=\"height:20px\" aria-hidden=\"true\" class=\"wp-block-spacer\"><\/div>\n\n\n\n<div style=\"height:23px\" aria-hidden=\"true\" class=\"wp-block-spacer\"><\/div>\n\n\n\n<p><strong>DESCUENTOS PARA GRUPOS<\/strong><\/p>\n\n\n\n<p>Disponemos de descuentos para grupos de estudiantes. Si eres estudiante o profesor, <a href=\"https:\/\/malaga.wordcamp.org\/2026\/contacto\/\" data-type=\"page\" data-id=\"18\">contacta con nosotros<\/a> y te informaremos sobre las condiciones.<\/p>\n\n\n\n<div style=\"height:20px\" aria-hidden=\"true\" class=\"wp-block-spacer\"><\/div>\n\n\n\n<p><\/p>\n\n\n\n<p><strong>ENTRADAS CON CAMISETA<\/strong><\/p>\n\n\n\n<p>Solo estar\u00e1n a la venta hasta el viernes 27 de marzo<\/p>\n\n\n\n<div style=\"height:20px\" aria-hidden=\"true\" class=\"wp-block-spacer\"><\/div>\n\n\n\n<p><strong>ENTRADAS INFANTILES<\/strong><\/p>\n\n\n\n<p>Solo ser\u00e1n v\u00e1lidas si se compran en el mismo pedido que al menos una entrada general.<\/p>\n\n\n\n<div style=\"height:20px\" aria-hidden=\"true\" class=\"wp-block-spacer\"><\/div>\n\n\n\n<p><strong>LUDOTECA<\/strong><\/p>\n\n\n\n<p class=\"has-contrast-2-color has-text-color has-link-color wp-elements-95a19d807d0e66aec05fb62713f2b127\"><strong>\u00a1PLAZAS AGOTADAS!<\/strong><\/p>\n\n\n\n<p><s>Si adem\u00e1s necesitas <strong>plaza en nuestra ludoteca para el s\u00e1bado 25<\/strong>, recuerda indicarlo al comprar tu entrada general. Nos pondremos en contacto contigo para comunicarte si te hemos adjudicado una plaza. No te olvides de comprar tambi\u00e9n la entrada infantil correspondiente.<\/s><\/p>\n\n\n\n<div style=\"height:20px\" aria-hidden=\"true\" class=\"wp-block-spacer\"><\/div>\n\n\n\n<p><strong>DESCUENTO RENFE<\/strong><\/p>\n\n\n\n<p>Los asistentes al evento podr\u00e1n beneficiarse de un 5 % de descuento en billetes de Renfe para sus desplazamientos al evento en trenes de larga distancia. Al comprar tu entrada, marca \u00abs\u00ed\u00bb en la casilla <strong>\u00ab\u00bfNecesitas el descuento de Renfe?\u00bb<\/strong> y te lo enviaremos por correo.<\/p>\n\n\n\n<div style=\"height:23px\" aria-hidden=\"true\" class=\"wp-block-spacer\"><\/div>\n\n\n\n<p><strong>\u00bfNECESITAS UNA FACTURA?<\/strong><\/p>\n\n\n\n<p>Aseg\u00farate de seleccionar la casilla <strong>\u00abNecesito una factura\u00bb<\/strong> al final del formulario de registro. Ten en cuenta que la factura no incluir\u00e1 IVA.<\/p>\n\n\n\n<p><\/p>\n\n\n\n<div style=\"height:40px\" aria-hidden=\"true\" class=\"wp-block-spacer\"><\/div>\n\n\n\n<div class=\"wp-block-buttons is-content-justification-center is-layout-flex wp-container-core-buttons-is-layout-a89b3969 wp-block-buttons-is-layout-flex\">\n<div class=\"wp-block-button\"><a class=\"wp-block-button__link has-text-align-center wp-element-button\" href=\"#\">\u00a1QUIERO COMPRAR MI ENTRADA!<\/a><\/div>\n<\/div>\n\n\n\n<div style=\"height:100px\" aria-hidden=\"true\" class=\"wp-block-spacer\"><\/div>\n","protected":false},"excerpt":{"rendered":"<p>\u00a1Consigue tu entrada y participa en el WordPress eCommerce Summit! Aprende estrategias reales de eCommerce, marketing y desarrollo digital, conecta con otros profesionales del sector y ll\u00e9vate ideas que podr\u00e1s aplicar directamente en tu negocio. No te pierdas la oportunidad de asistir al evento que re\u00fane a expertos y profesionales del comercio digital en M\u00e1laga. [&hellip;]<\/p>\n","protected":false},"author":10175439,"featured_media":0,"parent":0,"menu_order":0,"comment_status":"closed","ping_status":"closed","template":"","meta":{"jetpack_post_was_ever_published":false,"footnotes":""},"class_list":["post-14","page","type-page","status-publish","hentry"],"jetpack_sharing_enabled":true,"_links":{"self":[{"href":"https:\/\/malaga.wordcamp.org\/2026\/wp-json\/wp\/v2\/pages\/14","targetHints":{"allow":["GET"]}}],"collection":[{"href":"https:\/\/malaga.wordcamp.org\/2026\/wp-json\/wp\/v2\/pages"}],"about":[{"href":"https:\/\/malaga.wordcamp.org\/2026\/wp-json\/wp\/v2\/types\/page"}],"author":[{"embeddable":true,"href":"https:\/\/malaga.wordcamp.org\/2026\/wp-json\/wp\/v2\/users\/10175439"}],"replies":[{"embeddable":true,"href":"https:\/\/malaga.wordcamp.org\/2026\/wp-json\/wp\/v2\/comments?post=14"}],"version-history":[{"count":44,"href":"https:\/\/malaga.wordcamp.org\/2026\/wp-json\/wp\/v2\/pages\/14\/revisions"}],"predecessor-version":[{"id":5497,"href":"https:\/\/malaga.wordcamp.org\/2026\/wp-json\/wp\/v2\/pages\/14\/revisions\/5497"}],"wp:attachment":[{"href":"https:\/\/malaga.wordcamp.org\/2026\/wp-json\/wp\/v2\/media?parent=14"}],"curies":[{"name":"wp","href":"https:\/\/api.w.org\/{rel}","templated":true}]}}